mainder when 1679571 is divided by 1026.
9
Calculate the remainder when 14387342 is divided by 30417.
101
Calculate the remainder when 1820867 is divided by 20009.
48
Calculate the remainder when 1524071 is divided by 931.
24
Calculate the remainder when 64920 is divided by 339.
171
Calculate the remainder when 582288 is divided by 1988.
1792
What is the remainder when 28671728 is divided by 14335853?
22
Calculate the remainder when 211453 is divided by 211123.
330
What is the remainder when 6388829 is divided by 16681?
6
Calculate the remainder when 929385 is divided by 32.
9
Calculate the remainder when 25510 is divided by 8483.
61
What is the remainder when 191615 is divided by 626?
59
Calculate the remainder when 59504 is divided by 102.
38
What is the remainder when 66565 is divided by 306?
163
What is the remainder when 2522456 is divided by 95?
16
Calculate the remainder when 2253913 is divided by 3452.
3209
Calculate the remainder when 394538 is divided by 71.
62
What is the remainder when 14825 is divided by 11367?
3458
What is the remainder when 121885 is divided by 20280?
205
Calculate the remainder when 489302 is divided by 4944.
4790
Calculate the remainder when 9072283 is divided by 204.
199
What is the remainder when 1056628 is divided by 211278?
238
Calculate the remainder when 2636945 is divided by 5821.
32
Calculate the remainder when 7881093 is divided by 1857.
1842
What is the remainder when 4638408 is divided by 94661?
19
Calculate the remainder when 10429 is divided by 10370.
59
What is the remainder when 226033 is divided by 5741?
2134
What is the remainder when 1299718 is divided by 433239?
1
Calculate the remainder when 24637808 is divided by 45.
38
What is the remainder when 5353626 is divided by 297422?
30
Calculate the remainder when 197125391 is divided by 32854230.
11
Calculate the remainder when 230369582 is divided by 17.
15
Calculate the remainder when 300739 is divided by 10361.
270
Calculate the remainder when 402714 is divided by 262.
20
What is the remainder when 648205 is divided by 4941?
934
Calculate the remainder when 196412 is divided by 98161.
90
Calculate the remainder when 4026 is divided by 3964.
62
What is the remainder when 48277 is divided by 43484?
4793
Calculate the remainder when 205137 is divided by 1618.
1269
Calculate the remainder when 957529 is divided by 5.
4
Calculate the remainder when 6593 is divided by 268.
161
Calculate the remainder when 3989602 is divided by 6224.
18
Calculate the remainder when 665671 is divided by 73963.
4
What is the remainder when 221953 is divided by 561?
358
Calculate the remainder when 1052705 is divided by 2184.
17
Calculate the remainder when 40531741 is divided by 113.
110
What is the remainder when 486707 is divided by 271?
262
Calculate the remainder when 54551280 is divided by 228.
0
What is the remainder when 52347 is divided by 1517?
769
Calculate the remainder when 386060 is divided by 57.
56
Calculate the remainder when 187769 is divided by 161.
43
What is the remainder when 555141 is divided by 1303?
63
What is the remainder when 4631812 is divided by 57?
49
Calculate the remainder when 9032661 is divided by 22.
11
Calculate the remainder when 10577147 is divided by 29.
6
Calculate the remainder when 1313375 is divided by 78.
11
What is the remainder when 30764021 is divided by 65?
41
Calculate the remainder when 43431747 is divided by 91.
86
Calculate the remainder when 81660388 is divided by 14.
12
Calculate the remainder when 3410611 is divided by 1705300.
11
Calculate the remainder when 1482064 is divided by 3243.
13
Calculate the remainder when 435182 is divided by 20717.
125
What is the remainder when 107633 is divided by 17928?
65
What is the remainder when 141183 is divided by 140916?
267
What is the remainder when 451400 is divided by 863?
51
What is the remainder when 566152926 is divided by 27?
24
Calculate the remainder when 561647567 is divided by 22.
19
Calculate the remainder when 12657984 is divided by 595.
549
Calculate the remainder when 7419450 is divided by 72.
66
Calculate the remainder when 1433992 is divided by 143398.
12
What is the remainder when 836259 is divided by 6692?
6451
What is the remainder when 3306794 is divided by 273?
218
Calculate the remainder when 825645 is divided by 94.
43
What is the remainder when 50297 is divided by 2120?
1537
Calculate the remainder when 20025530 is divided by 826.
812
What is the remainder when 483778 is divided by 2070?
1468
Calculate the remainder when 25721 is divided by 25589.
132
Calculate the remainder when 190945647 is divided by 498.
495
What is the remainder when 64574 is divided by 2018?
2016
What is the remainder when 248915 is divided by 121?
18
Calculate the remainder when 1974907 is divided by 5675.
7
Calculate the remainder when 497473 is divided by 792.
97
Calculate the remainder when 25792637 is divided by 8597539.
20
What is the remainder when 17182675 is divided by 1227333?
13
Calculate the remainder when 2537397 is divided by 9.
0
Calculate the remainder when 77073 is divided by 9937.
7514
Calculate the remainder when 3655620 is divided by 89147.
593
Calculate the remainder when 810479 is divided by 38593.
26
What is the remainder when 87075 is divided by 43536?
3
Calculate the remainder when 11683462 is divided by 1278.
1264
Calculate the remainder when 612722157 is divided by 678.
675
Calculate the remainder when 15524601 is divided by 17.
14
What is the remainder when 1597749 is divided by 798862?
25
What is the remainder when 1103120 is divided by 920?
40
Calculate the remainder when 50163765 is divided by 123556.
29
Calculate the remainder when 105269710 is divided by 34.
32
What is the remainder when 5799649 is divided by 986?
983
What is the remainder when 821174 is divided by 37325?
24
Calculate the remainder when 111391 is divided by 4285.
4266
Calculate the remainder when 7386204 is divided by 295445.
79
Calculate the remainder when 2819607 is divided by 36147.
141
Calculate the remainder when 8086485 is divided by 40230.
255
What is the remainder when 348641 is divided by 174286?
69
What is the remainder when 167128737 is divided by 7529?
7524
Calculate the remainder when 5027561 is divided by 777.
371
What is the remainder when 330432228 is divided by 110144072?
12
What is the remainder when 1439179 is divided by 5532?
859
Calculate the remainder when 462426 is divided by 491.
395
Calculate the remainder when 18775344 is divided by 482.
480
What is the remainder when 1523258 is divided by 249?
125
Calculate the remainder when 6043922 is divided by 4367.
4361
Calculate the remainder when 1554345 is divided by 387.
153
Calculate the remainder when 9077483 is divided by 255.
248
What is the remainder when 7706652 is divided by 700602?
30
Calculate the remainder when 448515 is divided by 4242.
3105
What is the remainder when 341703 is divided by 2850?
2553
What is the remainder when 90288 is divided by 4505?
188
What is the remainder when 62383711 is divided by 2712334?
29
What is the remainder when 3001348 is divided by 85?
83
What is the remainder when 24023728 is divided by 12011861?
6
Calculate the remainder when 811473758 is divided by 466.
464
Calculate the remainder when 5803276 is divided by 14.
10
What is the remainder when 22572759 is divided by 219?
210
What is the remainder when 4770090 is divided by 529998?
108
Calculate the remainder when 883959 is divided by 249.
9
Calculate the remainder when 471417 is divided by 2182.
105
Calculate the remainder when 492525 is divided by 2915.
2805
What is the remainder when 3212421 is divided by 171?
15
Calculate the remainder when 1616712 is divided by 2910.
1662
What is the remainder when 324473 is divided by 108127?
92
What is the remainder when 167475 is divided by 1319?
1281
What is the remainder when 9816766 is divided by 3744?
3742
What is the remainder when 1434584 is divided by 2002?
1152
What is the remainder when 130462 is divided by 1523?
1007
What is the remainder when 6784011 is divided by 97?
25
Calculate the remainder when 13218657 is divided by 3679.
10
What is the remainder when 124145170 is divided by 1878?
1858
Calculate the remainder when 27803444 is divided by 13901686.
72
Cal